ime factors of 221.
13, 17
List the prime factors of 5857.
5857
What are the prime factors of 1984?
2, 31
What are the prime factors of 12810?
2, 3, 5, 7, 61
What are the prime factors of 2198?
2, 7, 157
What are the prime factors of 30499?
7, 4357
List the prime factors of 1544.
2, 193
List the prime factors of 3979.
23, 173
List the prime factors of 6109.
41, 149
List the prime factors of 189.
3, 7
What are the prime factors of 6582?
2, 3, 1097
What are the prime factors of 123?
3, 41
List the prime factors of 2463.
3, 821
What are the prime factors of 28900?
2, 5, 17
What are the prime factors of 495?
3, 5, 11
What are the prime factors of 450?
2, 3, 5
What are the prime factors of 122?
2, 61
List the prime factors of 22392.
2, 3, 311
What are the prime factors of 104564?
2, 26141
List the prime factors of 62222.
2, 53, 587
What are the prime factors of 3806?
2, 11, 173
What are the prime factors of 4730?
2, 5, 11, 43
List the prime factors of 344.
2, 43
What are the prime factors of 32934?
2, 3, 11, 499
What are the prime factors of 1183?
7, 13
What are the prime factors of 5476?
2, 37
List the prime factors of 62754.
2, 3, 10459
What are the prime factors of 51970?
2, 5, 5197
What are the prime factors of 64343?
37, 47
List the prime factors of 16260.
2, 3, 5, 271
What are the prime factors of 4436?
2, 1109
What are the prime factors of 43228?
2, 101, 107
What are the prime factors of 2750?
2, 5, 11
What are the prime factors of 1446?
2, 3, 241
List the prime factors of 3.
3
List the prime factors of 11430.
2, 3, 5, 127
List the prime factors of 813.
3, 271
What are the prime factors of 22002?
2, 3, 19, 193
What are the prime factors of 811?
811
List the prime factors of 17940.
2, 3, 5, 13, 23
What are the prime factors of 912?
2, 3, 19
List the prime factors of 84452.
2, 43, 491
List the prime factors of 1868.
2, 467
What are the prime factors of 57380?
2, 5, 19, 151
List the prime factors of 3827.
43, 89
List the prime factors of 21529.
21529
What are the prime factors of 20733?
3, 6911
What are the prime factors of 9738?
2, 3, 541
List the prime factors of 1246.
2, 7, 89
List the prime factors of 126706.
2, 63353
What are the prime factors of 1443?
3, 13, 37
What are the prime factors of 11944?
2, 1493
What are the prime factors of 20584?
2, 31, 83
What are the prime factors of 24816?
2, 3, 11, 47
What are the prime factors of 2091?
3, 17, 41
What are the prime factors of 1295?
5, 7, 37
List the prime factors of 1954.
2, 977
List the prime factors of 20114.
2, 89, 113
List the prime factors of 1602.
2, 3, 89
What are the prime factors of 2965?
5, 593
What are the prime factors of 31859?
31859
List the prime factors of 7588.
2, 7, 271
What are the prime factors of 5339?
19, 281
List the prime factors of 2830.
2, 5, 283
What are the prime factors of 234?
2, 3, 13
List the prime factors of 24617.
103, 239
List the prime factors of 9166.
2, 4583
What are the prime factors of 6164?
2, 23, 67
List the prime factors of 7578.
2, 3, 421
List the prime factors of 2250.
2, 3, 5
What are the prime factors of 3282?
2, 3, 547
What are the prime factors of 6569?
6569
What are the prime factors of 6047?
6047
List the prime factors of 51077.
13, 3929
List the prime factors of 18331.
23, 797
What are the prime factors of 81356?
2, 11, 43
List the prime factors of 4031.
29, 139
What are the prime factors of 1068?
2, 3, 89
What are the prime factors of 915?
3, 5, 61
List the prime factors of 1325.
5, 53
What are the prime factors of 9249?
3, 3083
List the prime factors of 2122.
2, 1061
List the prime factors of 58657.
58657
List the prime factors of 9928.
2, 17, 73
List the prime factors of 4438.
2, 7, 317
List the prime factors of 127828.
2, 31957
What are the prime factors of 3545?
5, 709
What are the prime factors of 1478?
2, 739
What are the prime factors of 1289?
1289
What are the prime factors of 38335?
5, 11, 17, 41
List the prime factors of 7994.
2, 7, 571
What are the prime factors of 1762?
2, 881
What are the prime factors of 594?
2, 3, 11
What are the prime factors of 663?
3, 13, 17
What are the prime factors of 1141?
7, 163
List the prime factors of 486.
2, 3
List the prime factors of 22666.
2, 7, 1619
List the prime factors of 34269.
3, 11423
List the prime factors of 2297.
2297
What are the prime factors of 1083?
3, 19
What are the prime factors of 16295?
5, 3259
List the prime factors of 61.
61
List the prime factors of 5948.
2, 1487
What are the prime factors of 20306?
2, 11, 13, 71
List the prime factors of 1194.
2, 3, 199
List the prime factors of 2641.
19, 139
List the prime factors of 8595.
3, 5, 191
List the prime factors of 4131.
3, 17
List the prime factors of 502.
2, 251
List the prime factors of 68756.
2, 17189
What are the prime factors of 25531?
11, 211
List the prime factors of 12646.
2, 6323
List the prime factors of 1049.
1049
What are the prime factors of 3586?
2, 11, 163
List the prime factors of 516.
2, 3, 43
What are the prime factors of 64665?
3, 5, 479
What are the prime factors of 8321?
53, 157
List the prime factors of 2588.
2, 647
What are the prime factors of 2084?
2, 521
List the prime factors of 8498.
2, 7, 607
What are the prime factors of 1567?
1567
What are the prime factors of 58576?
2, 7, 523
What are the prime factors of 16542?
2, 3, 919
What are the prime factors of 2188?
2, 547
List the prime factors of 3627.
3, 13, 31
What are the prime factors of 922?
2, 461
What are the prime factors of 13036?
2, 3259
List the prime factors of 1520.
2, 5, 19
What are the prime factors of 2712?
2, 3, 113
List the prime factors of 5694.
2, 3, 13, 73
What are the prime factors of 3056?
2, 191
What are the prime factors of 983?
983
What are the prime factors of 6268?
2, 1567
What are the prime factors of 9265?
5, 17, 109
List the prime factors of 4886.
2, 7, 349
What are the prime factors of 3924?
2, 3, 109
List the prime factors of 4517.
4517
List the prime factors of 1178.
2, 19, 31
What are the prime factors of 9872?
2, 617
What are the prime factors of 38490?
2, 3, 5, 1283
List the prime factors of 54411.
3, 7, 2591
List the prime factors of 59551.
17, 31, 113
List the prime factors of 346.
2, 173
List the prime factors of 420.
2, 3, 5, 7
List the prime factors of 736.
2, 23
List the prime factors of 50757.
3, 7, 2417
List the prime factors of 26101.
43, 607
List the prime factors of 6817.
17, 401
What are the prime factors of 80935?
5, 16187
What are the prime factors of 83714?
2, 19, 2203
What are the prime factors of 27106?
2, 13553
List the prime factors of 2141.
2141
What are the prime factors of 12712?
2, 7, 227
List the prime factors of 4195.
5, 839
What are the prime factors of 1366?
2, 683
List the prime factors of 9903.
3, 3301
What are the prime factors of 776?
2, 97
List the prime factors of 457.
457
What are the prime factors of 79860?
2, 3, 5, 11
List the prime factors of 1103.
1103
What are the prime factors of 17737?
17737
What are the prime factors of 1347?
3, 449
List the prime factors of 2178.
2, 3, 11
What are the prime factors of 21701?
21701
What are the prime factors of 33852?
2, 3, 7, 13, 31
What are the prime factors of 3843?
3, 7, 61
List the prime factors of 1081.
23, 47
List the prime factors of 1404.
2, 3, 13
What are the prime factors of 182381?
19, 29, 331
List the prime factors of 25869.
3, 8623
List the prime factors of 1499.
1499
List the prime factors of 1163.
1163
List the prime factors of 3540.
2, 3, 5, 59
What are the prime factors of 1737?
3, 193
List the prime factors of 18940.
2, 5, 947
List the prime factors of 804.
2, 3, 67
List the prime factors of 7696.
2, 13, 37
What are the prime factors of 18132?
2, 3, 1511
What are the prime factors of 6719?
6719
What are the prime factors of 489?
3, 163
What are the prime factors of 1149?
3, 383
List the prime factors of 4999.
4999
What are the prime factors of 922?
2, 461
What are the prime factors of 3724?
2, 7, 19
List the prime factors of 20596.
2, 19, 271
List the prime factors of 4622.
2, 2311
List the prime factors of 11345.
5, 2269
List the prime factors of 39241.
39241
What are the prime factors of 388?
2, 97
List the prime factors of 19.
19
What are the prime factors of 25792?
2, 13, 31
List the prime factors of 35676.
2, 